{"id":93,"date":"2014-07-24T14:05:00","date_gmt":"2014-07-24T14:05:00","guid":{"rendered":"https:\/\/saude.ufpr.br\/terapiaocupacional\/?page_id=93"},"modified":"2017-03-10T16:49:42","modified_gmt":"2017-03-10T16:49:42","slug":"monica-de-macedo","status":"publish","type":"page","link":"https:\/\/saude.ufpr.br\/terapiaocupacional\/monica-de-macedo\/","title":{"rendered":"M\u00f4nica Mello de Macedo Ign\u00e1cio"},"content":{"rendered":"<p><strong><a href=\"https:\/\/saude.ufpr.br\/terapiaocupacional\/wp-content\/uploads\/sites\/5\/2014\/07\/servletrecuperafoto2-1.jpg\"><img fetchpriority=\"high\" decoding=\"async\" class=\"alignnone size-medium wp-image-543\" src=\"https:\/\/saude.ufpr.br\/terapiaocupacional\/wp-content\/uploads\/sites\/5\/2014\/07\/servletrecuperafoto2-1-300x225.jpg\" alt=\"servletrecuperafoto[2]\" width=\"300\" height=\"225\" srcset=\"https:\/\/saude.ufpr.br\/terapiaocupacional\/wp-content\/uploads\/sites\/5\/2014\/07\/servletrecuperafoto2-1-300x225.jpg 300w, https:\/\/saude.ufpr.br\/terapiaocupacional\/wp-content\/uploads\/sites\/5\/2014\/07\/servletrecuperafoto2-1-768x576.jpg 768w, https:\/\/saude.ufpr.br\/terapiaocupacional\/wp-content\/uploads\/sites\/5\/2014\/07\/servletrecuperafoto2-1.jpg 1024w\" sizes=\"(max-width: 300px) 100vw, 300px\" \/><\/a><\/strong><\/p>\n<p><strong><span style=\"color: #000000\">Contato<\/span><\/strong><span style=\"color: #000000\">:<\/span>\u00a0<a href=\"mailto:terapeutamonica@hotmail.com\">terapeutamonica@hotmail.com<\/a><\/p>\n<p><a href=\"http:\/\/lattes.cnpq.br\/7290558398700496\" target=\"_blank\">Curr\u00edculo Lattes<\/a><\/p>\n<p><span style=\"color: #000000\">Terapeuta Ocupacional graduada pela Universidade Tuiuti do Paran\u00e1 (1985), Doutora em Psicologia pela Universidade do Porto &#8211; Portugal, Mestre em Psicologia pela UFPR, especializa\u00e7\u00e3o em Forma\u00e7\u00e3o Pedag\u00f3gica do Professor Universit\u00e1rio (PUC &#8211; PR) e aperfei\u00e7oamento em Reabilita\u00e7\u00e3o Neurol\u00f3gica &#8211; Conceito Bobath. Possui experi\u00eancia nas \u00e1reas de Sa\u00fade Mental e Reabilita\u00e7\u00e3o Neurol\u00f3gica. Docente do Curso de Terapia Ocupacional da Universidade Federal do Paran\u00e1, em regime de dedica\u00e7\u00e3o exclusiva, atuando na \u00c1rea de Sa\u00fade Mental, ministrando as disciplinas Terapia Ocupacional Aplicada \u00e0 Sa\u00fade Mental, Neuroci\u00eancias para Terapia Ocupacional, Atividades e Recursos Terap\u00eauticos &#8211; M\u00f3dulo Expressivas e Est\u00e1gio Supervisionado em Terapia Ocupacional (Pr\u00e1tica e Observa\u00e7\u00e3o). Atua\u00e7\u00e3o e pesquisa nas \u00e1reas de Reabilita\u00e7\u00e3o Neuropsicol\u00f3gica e Reabilita\u00e7\u00e3o Psicossocial com \u00eanfase no estudo de pessoas com esquizofrenia e depress\u00e3o.<\/span><\/p>\n","protected":false},"excerpt":{"rendered":"<p>Contato:\u00a0terapeutamonica@hotmail.com Curr\u00edculo Lattes Terapeuta Ocupacional graduada pela Universidade Tuiuti do Paran\u00e1 (1985), Doutora em Psicologia pela Universidade do Porto &#8211; Portugal, Mestre em Psicologia pela UFPR, especializa\u00e7\u00e3o em Forma\u00e7\u00e3o Pedag\u00f3gica do Professor Universit\u00e1rio (PUC &#8211; PR) e aperfei\u00e7oamento em Reabilita\u00e7\u00e3o [&hellip;]<\/p>\n","protected":false},"author":8,"featured_media":0,"parent":0,"menu_order":0,"comment_status":"open","ping_status":"open","template":"","meta":{"_acf_changed":false,"_uag_custom_page_level_css":"","footnotes":""},"class_list":["post-93","page","type-page","status-publish","hentry"],"acf":[],"featured_image_src":null,"uagb_featured_image_src":{"full":false,"thumbnail":false,"medium":false,"medium_large":false,"large":false,"1536x1536":false,"2048x2048":false},"uagb_author_info":{"display_name":"caiubidysarz","author_link":"https:\/\/saude.ufpr.br\/terapiaocupacional\/author\/caiubidysarz\/"},"uagb_comment_info":0,"uagb_excerpt":"Contato:\u00a0terapeutamonica@hotmail.com Curr\u00edculo Lattes Terapeuta Ocupacional graduada pela Universidade Tuiuti do Paran\u00e1 (1985), Doutora em Psicologia pela Universidade do Porto &#8211; Portugal, Mestre em Psicologia pela UFPR, especializa\u00e7\u00e3o em Forma\u00e7\u00e3o Pedag\u00f3gica do Professor Universit\u00e1rio (PUC &#8211; PR) e aperfei\u00e7oamento em Reabilita\u00e7\u00e3o [&hellip;]","publishpress_future_action":{"enabled":false,"date":"2026-04-22 10:11:48","action":"change-status","newStatus":"draft","terms":[],"taxonomy":"","extraData":[]},"publishpress_future_workflow_manual_trigger":{"enabledWorkflows":[]},"_links":{"self":[{"href":"https:\/\/saude.ufpr.br\/terapiaocupacional\/wp-json\/wp\/v2\/pages\/93","targetHints":{"allow":["GET"]}}],"collection":[{"href":"https:\/\/saude.ufpr.br\/terapiaocupacional\/wp-json\/wp\/v2\/pages"}],"about":[{"href":"https:\/\/saude.ufpr.br\/terapiaocupacional\/wp-json\/wp\/v2\/types\/page"}],"author":[{"embeddable":true,"href":"https:\/\/saude.ufpr.br\/terapiaocupacional\/wp-json\/wp\/v2\/users\/8"}],"replies":[{"embeddable":true,"href":"https:\/\/saude.ufpr.br\/terapiaocupacional\/wp-json\/wp\/v2\/comments?post=93"}],"version-history":[{"count":5,"href":"https:\/\/saude.ufpr.br\/terapiaocupacional\/wp-json\/wp\/v2\/pages\/93\/revisions"}],"predecessor-version":[{"id":570,"href":"https:\/\/saude.ufpr.br\/terapiaocupacional\/wp-json\/wp\/v2\/pages\/93\/revisions\/570"}],"wp:attachment":[{"href":"https:\/\/saude.ufpr.br\/terapiaocupacional\/wp-json\/wp\/v2\/media?parent=93"}],"curies":[{"name":"wp","href":"https:\/\/api.w.org\/{rel}","templated":true}]}}